me number?
True
Is 1722383 a composite number?
True
Is 8252203 prime?
True
Is 27945077 a composite number?
False
Is 106010851 a composite number?
False
Is 38681781 composite?
True
Is 1619185 a composite number?
True
Is 43437241 a composite number?
True
Is 1869113 a prime number?
True
Is 241711 a composite number?
False
Is 1271131 composite?
True
Is 4864339 a prime number?
False
Is 4826863 a prime number?
True
Is 21108019 a composite number?
True
Is 173627071 prime?
False
Is 818899381 composite?
True
Is 627899423 a prime number?
True
Is 73474481 prime?
True
Is 14632979 a composite number?
False
Is 15440051 composite?
True
Is 2876903 prime?
True
Is 1684561 composite?
False
Is 292969751 a prime number?
False
Is 2510821 prime?
False
Is 320037709 a composite number?
True
Is 597673013 composite?
True
Is 5819929 a prime number?
True
Is 156457751 a composite number?
False
Is 16733461 a prime number?
True
Is 95013151 a prime number?
False
Is 10447817 prime?
True
Is 30228851 a composite number?
False
Is 67345459 a composite number?
False
Is 1699886 prime?
False
Is 1154221 prime?
True
Is 1713955 composite?
True
Is 157352101 a composite number?
False
Is 21166979 a composite number?
True
Is 334093 prime?
True
Is 48061049 prime?
True
Is 2367919 a prime number?
False
Is 1171351 composite?
True
Is 3480749 prime?
True
Is 103711051 composite?
True
Is 18069577 prime?
True
Is 614641 a prime number?
False
Is 63018019 composite?
True
Is 5850527 a composite number?
False
Is 8781233 a prime number?
True
Is 22166678 a composite number?
True
Is 147783079 prime?
True
Is 2557679 a composite number?
True
Is 11890127 a prime number?
True
Is 185763839 prime?
False
Is 576080773 composite?
False
Is 3343607 a prime number?
True
Is 400811 prime?
False
Is 101786159 a prime number?
True
Is 1568891 a prime number?
True
Is 69598717 composite?
False
Is 633253 a prime number?
True
Is 74351339 composite?
True
Is 98351917 a prime number?
True
Is 739667 prime?
False
Is 94249 composite?
True
Is 178604333 prime?
True
Is 15473251 a composite number?
True
Is 28578883 a composite number?
True
Is 14097247 a prime number?
True
Is 55349519 a prime number?
True
Is 276184819 prime?
True
Is 6954907 prime?
False
Is 11659259 composite?
True
Is 16543151 composite?
False
Is 5269765 a prime number?
False
Is 8283757 a prime number?
True
Is 1302151 a prime number?
True
Is 93445867 a composite number?
False
Is 1796321 prime?
True
Is 86091041 a prime number?
True
Is 105109985 a prime number?
False
Is 407161 prime?
False
Is 9915469 a prime number?
False
Is 5529611 a composite number?
False
Is 537625507 a prime number?
False
Is 145179583 a composite number?
False
Is 93316567 prime?
True
Is 396635273 prime?
True
Is 1591841 a composite number?
False
Is 328934703 a composite number?
True
Is 136859399 a prime number?
False
Is 63843541 a composite number?
False
Is 1313141 prime?
True
Is 371277133 prime?
False
Is 21742961 a prime number?
True
Is 1157603 composite?
True
Is 35188393 prime?
False
Is 46752059 a composite number?
False
Is 39304127 composite?
True
Is 128516303 a composite number?
False
Is 93262259 composite?
False
Is 135275761 prime?
False
Is 401005054 a composite number?
True
Is 96077039 composite?
True
Is 6915507 prime?
False
Is 9555601 prime?
False
Is 2740687 prime?
False
Is 8937013 a composite number?
False
Is 29937563 a prime number?
True
Is 26578879 a composite number?
False
Is 123890989 prime?
True
Is 133358453 a prime number?
True
Is 5676179 prime?
True
Is 1793441 a composite number?
True
Is 92147 a composite number?
True
Is 7254673 a prime number?
True
Is 192181049 a prime number?
False
Is 100867643 composite?
True
Is 273029 a prime number?
True
Is 9490361 a prime number?
True
Is 222773 prime?
True
Is 3895459 a prime number?
True
Is 2067187 prime?
True
Is 1024187 a prime number?
False
Is 25512973 a composite number?
True
Is 8942233 a composite number?
False
Is 1696033 a composite number?
False
Is 27875549 a prime number?
False
Is 42514757 composite?
False
Is 23248271 prime?
False
Is 92697487 a prime number?
True
Is 100146703 prime?
False
Is 273465817 a prime number?
False
Is 10237651 composite?
False
Is 756396211 a composite number?
False
Is 664651649 a composite number?
True
Is 39423809 composite?
False
Is 2715571 a prime number?
True
Is 1095575803 composite?
True
Is 79253 composite?
True
Is 11149633 a composite number?
True
Is 14806963 a composite number?
True
Is 1855909 a composite number?
True
Is 93753509 composite?
True
Is 20908871 a composite number?
True
Is 163428907 a composite number?
True
Is 28927609 composite?
False
Is 9549739 prime?
True
Is 1586603 a composite number?
True
Is 2093309 a prime number?
False
Is 49674358 a prime number?
False
Is 1821749 a composite number?
False
Is 377506049 a prime number?
False
Is 7967107 a composite number?
False
Is 174495229 a prime number?
True
Is 154438103 composite?
True
Is 85375319 prime?
True
Is 825247 prime?
True
Is 113369521 a composite number?
False
Is 1182969901 composite?
False
Is 4963033 a prime number?
False
Is 36637099 a composite number?
False
Is 34552997 prime?
True
Is 236312759 composite?
True
Is 2753171 prime?
False
Is 1456552522 a composite number?
True
Is 544718841 a composite number?
True
Is 55021 a composite number?
False
Is 28799477 composite?
True
Is 2205353 a composite number?
False
Is 38699737 a prime number?
True
Is 15398959 a composite number?
False
Is 27440927 a composite number?
False
Is 7707637 composite?
True
Is 5747657 prime?
True
Is 2608642 a composite number?
True
Is 529394 a composite number?
True
Is 3868313 a composite number?
True
Is 35746259 a prime number?
False
Is 17566427 prime?
False
Is 1524587 prime?
True
Is 7391159 a composite number?
False
Is 1061609 prime?
True
Is 1661167 a composite number?
True
Is 23951231 a prime number?
True
Is 2988949 a prime number?
True
Is 364077683 prime?
True
Is 11235571 prime?
False
Is 2650429 a prime number?
True
Is 6533867 prime?
False
Is 345515539 a prime number?
True
Is 6635567 composite?
True
Is 297821 a prime number?
False
Is 1921319 composite?
False
Is 22008011 prime?
False
Is 277402915 a prime number?
False
Is 4766789 a composite number?
True
Is 27814603 composite?
False
Is 3325211 a composite number?
False
Is 21329377 prime?
True
Is 5467529 a prime number?
True
Is 287858249 prime?
False
Is 49359634 prime?
False
Is 17393597 composite?
True
Is 21513361 composite?
False
Is 32236637 prime?
True
Is 2348933 a composite number?
True
Is 109440277 prime?
False
Is 62669162 a prime number?
False
Is 20090363 a prime number?
True
Is 4315405 a composite number?
True
Is 38777891 a composite number?
False
Is 989385731 composite?
False
Is 854257 a composite number?
False
Is 15869719 composite?
False
Is 13753261 a prime number?
True
Is 5239891 a prime number?
True
Is 1845931 prime?
True
Is 3177937 composite?
True
Is 55642703 composite?
False
Is 424113145 a composite number?
True
Is 35673419 a prime number?
True
Is 23448001 composite?
False
Is 5743961 a composite number?
False
Is 19961869 a composite number?
True
Is 4033 prime?
False
Is 197053229 prime?
True
Is 9133477 prime?
True
Is 852557 prime?
True
Is 4453737 a composite number?
True
Is 11370691 composite?
True
Is 10051939 prime?
True
Is 11221961 a composite number?
False
Is 372686 composite?
True
Is 126347107 prime?
False
Is 4492867 a prime number?
False
Is 63077317 a prime number?
True
Is 3457667 prime?
False
Is 266155 a composite number?
True
Is 36214223 a prime number?
True
Is 239147 a prime number?
True
Is 1726039 a prime number?
False
Is 3507557 a prime number?
False
Is 36347087 a composite number?
True
Is 36242299 a prime number?
True
Is 3832111 a prime number?
True
Is 63469607 a prime number?
True
Is 11671147 prime?
True
Is 18569953 a composite number?
False
Is 8454323 a composite number?
True
Is 490550719 a composite number?
True
Is 3190519 prime?
True
Is 23201837 prime?
False
Is 610411 prime?
False
Is 5207513 prime?
True
Is 8584487 a prime number?
False
Is 942197 a composite number?
True
Is 11752795 a prime number?
False
Is 2121601 a composite number?
False
Is 269384867 a prime number?
False
Is 11777939 a prime number?
False
Is 19936241 composite?
True
Is 31040059 a prime number?
False
Is 292901 a prime number?
False
I